*l + 1. Suppose -2*j + 7 + 3 = 0. Suppose -2*r - 1 = -j*a, 0 = -r - 0*r + 2*a. Suppose 3*y = 1 + r. Determine x(y).
-5
Suppose 0 = 2*m + 2*m - 16. Let k(t) = t**3 + 3 + 1 + 2 - 3 - m*t. Determine k(2).
3
Let h(g) = 4 - 8*g**2 - 5*g + g + 3*g**2. Let m(r) = 6*r**2 + 5*r - 5. Suppose u = -3 - 3. Let d(q) = u*m(q) - 7*h(q). Determine d(-4).
-6
Let z(c) = -c**2 + 10*c + 8. Let b(q) = q. Let g(l) = 4*b(l) - z(l). Calculate g(6).
-8
Let v(b) = 2*b + 0 - b + b**3 + 0*b**3 + 2. Suppose 0*u = -5*u. Calculate v(u).
2
Let o(n) = n - 3. Let m(r) = -r**3 + 11*r**2 - 11*r + 14. Let t be m(10). Suppose -2*j - 3*j - 41 = -t*h, 0 = 2*h + 2. Let s be (-3)/j*1*15. Determine o(s).
2
Let w be ((-12)/(-8))/(1/(-4)). Let b(d) be the first derivative of d**4/4 + 7*d**3/3 + 7*d**2/2 + 5*d - 112. Determine b(w).
-1
Let k(p) = 4*p**2 + 2*p - 5. Let v(q) = 3*q**2 + 3*q - 5. Let h(i) = -4*k(i) + 5*v(i). Give h(6).
1
Let c = 27 - 32. Let i(y) = -y**2 - 4*y - 3. Give i(c).
-8
Let f(n) = 7*n**2 - 1. Let z be f(1). Let y(t) = -t**3 + 6*t**2 + 3*t - 4. Give y(z).
14
Let u(d) = -11*d. Let x(t) = 21*t. Let g(s) = -5*u(s) - 2*x(s). What is g(-1)?
-13
Let j(v) = 7*v**2 - 5*v + 11. Let x(b) = 8*b**2 - 2*b + 2. Let z(i) = i**2 - 1. Let h(f) = -x(f) + 4*z(f). Let n(m) = 5*h(m) + 3*j(m). Give n(3).
-3
Let g = 9 - 4. Let t(i) be the first derivative of i**3/3 - 2*i**2 + i - 1. Let w(f) = -2*f**2 + 9*f - 3. Let q(s) = 5*t(s) + 3*w(s). Determine q(g).
6
Let n = -1 - 5. Let k(u) = u**3 + 6*u**2 + 3*u + 7. Give k(n).
-11
Let j be 36/(-3)*1*-1. Let q be 1/4 + (-15)/j. Let n(y) = 5*y**2 + 1. Give n(q).
6
Let n(i) = -i**2 - 4*i + 3. Let s be n(-4). Suppose 0 = 4*o - 5*p + 5 - 20, 0 = o + s*p + 9. Let f(u) = 376 - 2*u**2 - 377 + u**2 + u. Give f(o).
-1
Suppose 6 = -5*k + 16. Suppose -9 = -k*p - p. Let q(s) = s**2 - 5*s + 4. Give q(p).
-2
Suppose 0 = 3*v - 5*j + 6, j - 9 = -v - j. Let s be (0 - -1) + (6 - v). Let u(m) = -4 + 2*m**2 + m + s + 5*m. What is u(-4)?
8
Let m(x) = x + 9. Let q be m(-6). Suppose -j = -0*j - 2. Suppose -j*c + q = -c. Let w(z) = -z + 3. Give w(c).
0
Suppose 0 = 5*o + 4*a - 7, 4*o - 5 = -4*a - 1. Let l(m) be the third derivative of 2/3*m**3 + 0 + 0*m - 1/12*m**4 + 4*m**2. Give l(o).
-2
Let i = 31 - 31. Let o(u) be the first derivative of 3 + 1/2*u**2 + i*u. Determine o(-1).
-1
Let z be (-1)/3 + 64/48. Suppose -2*m = j - 9, -4 = -3*j + 2*m - z. Let n(i) = 2*i. Give n(j).
6
Let u(f) be the second derivative of f**3/3 - f**2/2 + 6*f. What is u(-2)?
-5
Let f(l) = -l**2 + 4 + 2 - 6 - 2*l. What is f(2)?
-8
Let f = 1 + -1. Suppose 14 = 2*y + 2*o, y - 2*y - 5*o + 15 = f. Suppose -1 = n - 0*z - z, y*z = -3*n + 13. Let l(m) = -9*m + 1. What is l(n)?
-8
Let u be ((-2)/(-6))/((-2)/30). Let b(l) be the first derivative of -l**4/4 - 2*l**3 - 3*l**2/2 + 7*l + 2. Determine b(u).
-3
Let f(t) be the first derivative of t**4/24 + t**3/3 + 3*t**2/2 + 4. Let o(m) be the second derivative of f(m). What is o(-3)?
-1
Let l be (-24)/6*(-2)/4. Let o(h) be the first derivative of -1/3*h**3 + 5/2*h**l - 3*h - 1. Calculate o(4).
1
Let r(o) be the third derivative of -1/60*o**5 - 1/40*o**6 + 0*o - o**2 - 1/24*o**4 + 1/6*o**3 + 0. Let f be (-2*1)/(10/(-5)). Give r(f).
-4
Suppose 3*v + 4*c = 8 + 5, 17 = 5*v + 2*c. Let x(u) = u - 4. What is x(v)?
-1
Let w(c) = c**2 - 5*c + 4. Suppose -3*q = 0, 9 = 3*o + 3*q + 2*q. Suppose -o*m - 13 + 3 = -a, 2*a = -5*m - 2. Calculate w(a).
0
Let o(g) = g**3 + g**2 - 1. Suppose 2 - 10 = 4*c. What is o(c)?
-5
Let g(j) = -1 + 5 - 3 - 2 + 6*j. Let y(w) = -w - 1. Let o(m) = g(m) - 2*y(m). Determine o(-1).
-7
Let v(p) = -2*p**3 - 5*p**2 - 2*p - 2. Let u(h) = 3*h**3 + 9*h**2 + 4*h + 3. Let l(d) = 3*u(d) + 5*v(d). Give l(2).
3
Let n = -5 + 7. Suppose 2*j = -n*p + 6*p - 16, 2*j - 9 = -p. Let d(v) = 2*v**3 - v**2 - 2*v. Determine d(j).
8
Let k be 11/3 - 1/(-3). Let q(u) = u**2 + 1 - k*u + u**2 - u**2 - 5. Give q(5).
1
Let w(c) = c**3 + 6*c**2 + 7*c + 5. Let k be w(-5). Let n be ((-8)/k)/(-4)*10. Let g(y) = -y**3 - 5*y**2 - 4*y - 4. Calculate g(n).
-4
Let j(z) = -z**3 - 6*z**2 - 4*z + 5. Suppose -5*s - 4*k = -0*s + 45, 4*s + 35 = -3*k. Calculate j(s).
0
Let s(d) be the third derivative of d**5/60 - 5*d**4/24 - d**3/3 + 22*d**2. Calculate s(5).
-2
Let l(j) = 1 - 3*j**2 - j**2 + j - 6*j**2. Let u(g) = 5*g - 6*g - 5*g - g**3 - 6*g + 10 + 12*g**2. Let k be u(11). Determine l(k).
-10
Let g(i) = -2*i**2 + 10*i + 5. Let u be g(0). Let f(c) = c**3 - c**2 - c - 1. Let a(n) = 2*n**3 - 5*n**2 - 7*n - 2. Let s(l) = -a(l) + f(l). Determine s(u).
6
Let z be -8*(-3 - 0)/6. Suppose 0 = m - z - 1. Let g(p) = -p - p + 1 + m*p. Calculate g(2).
7
Let k(t) = t**2 + 6*t + 4. Let b be k(-5). Let w(a) be the first derivative of 1/2*a**2 + 1 - 4/3*a**3 + 0*a. Calculate w(b).
-5
Let z = 21 + -20. Let h(t) = -10*t**3 + t**2 - t. Calculate h(z).
-10
Let n = 14 + -9. Let o = -3 + 5. Let j(f) = -5*f**2 + f**3 - o*f**3 - 1 + 2*f**3 + f. What is j(n)?
4
Let q(v) be the first derivative of v**2/2 - 4*v - 6. What is q(7)?
3
Suppose 4*j + 28 = 4*x, 4*x + 2*j - 7 = -j. Let o(n) = 2 - n + 1 - x. What is o(-1)?
0
Let m(c) = c**2 + 4*c + 3. Let o be m(-4). Suppose -4*z - 4*w = -28, -o*z + 6 = -2*w - 0*w. Let n(q) = q**3 - 3*q**2 - 4*q + 5. Give n(z).
5
Suppose 5*q - 3 = 2. Let y(f) be the first derivative of f**2/2 - 4. Determine y(q).
1
Let o be 6 + -3 - (12 - 2). Let l(j) = -j**3 - 7*j**2 - 9. Calculate l(o).
-9
Let o(a) be the first derivative of -a**2/2 + 8*a - 14. Calculate o(5).
3
Let r(i) be the first derivative of -i**4/4 - 2*i**3/3 + i**2 + i + 70. What is r(-2)?
-3
Let o = 12 - 6. Suppose -o + 0 = -3*p. Let l(k) = -2*k - p*k**2 - 2*k**2 + 3 + 2*k**2. What is l(2)?
-9
Let f(r) be the first derivative of -r**4/4 + 2*r**3 - 2*r**2 - 2*r + 2. Let y be f(5). Let a(w) = 0*w - 3*w - 3 + 4. What is a(y)?
-8
Let h(r) be the first derivative of -r**3/3 + 2*r - 3. What is h(-2)?
-2
Let j(a) be the third derivative of -a**5/120 - a**4/4 - a**3/2 + 2*a**2. Let w(i) be the first derivative of j(i). Determine w(0).
-6
Let z(u) = 2*u + 6. Let y(r) = -r - 1. Let s(p) = -3*y(p) - z(p). Let g be s(3). Let w(q) be the second derivative of q**5/20 + q**2/2 - 10*q. Give w(g).
1
Let o(f) = 3*f + 10. Let n(l) = 4 - 8 + 1 + 4. Let r(c) = -6*n(c) + o(c). What is r(-4)?
-8
Let x(n) be the third derivative of -n**6/60 + n**5/60 + n**4/24 - n**3/6 - n**2. Suppose 6*m + 2 = 8*m. Give x(m).
-1
Let o(t) be the first derivative of t**4/4 + 4*t**3/3 + t**2 - 4*t - 8. What is o(-3)?
-1
Let u = 1 - 0. Let p be (12/8)/((-2)/(-4)). Let g(n) = -n + 4 + 7*n**p + 0*n - 4. What is g(u)?
6
Let a(c) = -c**2 + 4*c + 1. Let y be 0 - (1*-6)/3. Determine a(y).
5
Let x(i) = -i**2 - 7*i + 2. Let s(b) = -2*b**2 - 7*b + 1. Let r(o) = 2*s(o) - 3*x(o). Let y be r(6). Let m(c) = -c**3 - 2*c + 3*c - 1 - y*c**2 + c. Give m(-3).
2
Let j(c) = -c**2 + 207*c**3 - 4 - 1 + c + 1 - 206*c**3. Suppose d - 2*b - 4 = 2*b, 5*b + 5 = -d. What is j(d)?
-4
Let u(y) be the second derivative of y**4/12 + 5*y**3/6 - 3*y**2/2 - 12*y. Give u(-4).
-7
Let k(c) = c**3 + 4*c**2 - 5*c + 5. Let q(g) = 2*g**3 + 3*g**2 - 4*g + 5. Let p = 2 + -5. Let h(y) = p*k(y) + 2*q(y). Give h(5).
5
Let o(s) = -5*s - 4. Let r(h) = -11*h - 7. Let m(d) = 13*o(d) - 6*r(d). Let c = -18 + 24. Calculate m(c).
-4
Let z(b) = b**2 + 2 + 0 - 2 - 2*b + 6. Give z(5).
21
Let w(j) = 6*j - 5. Let u(x) = -7*x + 6. Let y(r) = 5*u(r) + 6*w(r). Determine y(5).
5
Let b(l) = 3 - 2*l**3 - 5 + 8 - 5. Determine b(-1).
3
Let x(n) = n + 1. Let z(c) = 3 + 2*c + 2 - 3. Let v(w) = 5*x(w) - 2*z(w). Give v(2).
3
Suppose 3*w + 2*w = 15. Let z(g) = -3 + 3*g + 9 + 3. Let m(c) = -c - 3. Let i(q) = w*z(q) + 8*m(q). Calculate i(3).
6
Let p(u) = -u. Let j be p(-3). Let g(r) = -r. Let v(s) = -2*s + 2. Let t = -1 - -4. Let f(z) = t*g(z) - v(z). Calculate f(j).
-5
Let r(a) = -19*a**3 - 7*a**2 + 5*a - 5. Let d(z) = 24 + z + 10*z**3 - 6*z - 21 + 2*z + 4*z**2. Let j(q) = -5*d(q) - 3*r(q). Determine j(1).
8
Let x = -2 + 4. Let s be x/7 + 52/14. Let z(u) = 0*u + 4 + 0*u + u. Determine z(s).
8
Let n(t) = -t + 19. Suppose -5*k = -2*k. What is n(k)?
19
Let s(t) = -t**3 - 7*t**2 - 7*t - 4. Let x be s(-6). Let j(k) = 4*k**x - k**2 - 2*k**2 - 2*k + 1 + 5*k. Calculate j(-3).
1
Let d(w) = -4*w**2 - 9*w + 7. Let i(x) = -x**2 - x + 1. Let s(u) = d(u) - 5*i(